 y(k).
-2
Let h(m) = -4*m + 4*m - m + m**3 + 2*m + 3. Calculate h(0).
3
Let h = -11 - -12. Let c(a) = a**2 + a + 1. Let n(o) = 10*o**2 + 7*o + 6. Let d(x) = h*n(x) - 5*c(x). Calculate d(-1).
4
Let p(s) be the first derivative of s**3/3 + 2*s**2 - s + 37. Give p(-3).
-4
Let f(g) = -2*g**3 + 7*g**2 - 14*g - 1. Let k = 0 - -5. Let b(t) = t**3 - 3*t**2 + 7*t + 1. Let n(p) = k*b(p) + 3*f(p). Calculate n(5).
-8
Let u(t) = 2*t - 2. Suppose 24 - 4 = -5*g. Let n = g - -2. Calculate u(n).
-6
Let q(u) be the third derivative of -u**4/24 + u**3/6 - 2*u**2. Let j(o) = -o**2. Let l be j(0). Suppose -3*p - 2*p + 10 = l. What is q(p)?
-1
Suppose 0*g + 2*g + 4 = 0. Let w be (-3)/g*(-14)/(-3). Let b(i) = i - 15. Calculate b(w).
-8
Let r(k) = k. Let t be r(-1). Let q(c) = -11*c**2 - 2*c + 1. Let x(l) = -14 + 5 + 21*l**2 + 2*l + 2*l + 6. Let w(o) = 5*q(o) + 2*x(o). Calculate w(t).
-12
Let c(z) = 3*z**2 - 4*z. Let n be (-4)/(-18) - (-25)/9. What is c(n)?
15
Suppose 2*b - 2*h - 8 + 6 = 0, -5*h = -2*b - 1. Let l(v) = -3*v - 2. Give l(b).
-8
Let k(w) = -w**3 - 3*w**2 + 6*w + 3. Let o be k(-4). Let h = -6 - o. Let q(d) be the second derivative of 4*d**3/3 - d. Give q(h).
-8
Let q(l) = 5*l**3 + 1. Let f = 47 + -46. What is q(f)?
6
Let b(j) be the second derivative of j**6/120 - j**5/20 - j**4/24 + j**3/3 + j**2 - j. Let g(s) be the first derivative of b(s). Give g(2).
-4
Let h(b) = -b**2 - 7*b. Let u(x) = -x. Let j(d) = 2*d. Let f(n) = -4*j(n) - 9*u(n). Let a(z) = -3*f(z) - h(z). What is a(-3)?
-3
Let r(b) = -b**2 - 3*b**2 + 3*b**2 - 1 - 1. Calculate r(4).
-18
Suppose 5*l = 9 + 16. Let f(t) = t**3 + 4 + l*t - 8*t**2 - t**2 - t + 3*t**2. Calculate f(5).
-1
Let y(f) = -2*f - 1. Suppose 0 = 2*j - 3*j - 5*u - 6, 0 = 5*j + u + 30. Give y(j).
11
Let i(y) = -y**3 + 10*y**2 + 12*y - 9. Let j be i(11). Let w(z) = z**3 + 6*z**2 + 2. Let u be w(-6). Let t(v) = -2 - 5*v + 4*v + u*v. Give t(j).
0
Let s be (-1)/(-4) + (-90)/(-24). Suppose -c = -s*b - 0*b + 16, c - 5*b = -21. Let o(j) = 1 + 6*j - c*j + 3. Give o(-3).
-2
Let z(n) = 3*n + 1. Suppose -5*b + b + 8 = 0. What is z(b)?
7
Let s(h) = -13*h + 69. Let a be s(5). Let n(t) = t**2 - 6*t - 3. Calculate n(a).
-11
Suppose 0 = -3*i + 11 + 7. Let n(h) = -h + 6. What is n(i)?
0
Suppose -2*m = -2*t - 10, 3*m + 4*t = -4 + 19. Let b(x) = 3*x + 2*x**2 + 1 - m + x**3 + 4*x**2. What is b(-5)?
6
Suppose -2*z - z + 15 = 0. Let a(p) = -3*p + 3*p - p**2 - z*p + 2*p + 2 + 3*p**3. Give a(2).
16
Let b(r) = -4*r - 2. Let s be b(-2). Let h be (-16)/3 + 2/s. Let j(k) be the third derivative of -k**6/120 - k**5/12 - k**3/3 - 25*k**2. Give j(h).
-2
Let i(n) = 3*n - 6. Let a be i(6). Let y be 4/((a/(-33))/(-2)). Suppose 0 = 5*b - 2*o - y, -3*o - 4 = o. Let q(c) = c - 3. Give q(b).
1
Suppose -1 = 5*v - 3*n - 30, -3*n + 20 = 2*v. Let p = -4 + v. Let l(o) = 2*o**2 - o - 1 - o**3 + 3*o + 0*o**3. What is l(p)?
-4
Let n(b) be the third derivative of -1/24*b**4 - 1/60*b**5 + 0*b - 3/40*b**6 - b**2 - 1/6*b**3 + 0. Let y(m) = 2*m + 1. Let p be y(-1). Determine n(p).
8
Let b(d) = 6*d + 1. Suppose 2*w + 5*r = -18, -2*w = -6*w - 5*r - 26. Let v be -3 + 1 + w*1. Let o(f) = -f**2 - 7*f - 5. Let i be o(v). Calculate b(i).
7
Let n(o) = o**2 + o. Suppose 14 = 2*v + 4. Suppose 2*t + v = 7*t. Let f(s) = 2*s**2 + 7*s + 5. Let d(y) = t*n(y) - f(y). Calculate d(-5).
0
Let w(s) = 4*s + 2*s**3 - s**3 + 4*s**2 - 32 + 34. Suppose 4 = -4*r, 4 = y - 5*r + 2. What is w(y)?
-1
Suppose 3 = -3*y + 4*y + 3*c, -c + 1 = 0. Let u(r) = 5 + 2*r + y*r - 4 + 0*r. Calculate u(4).
9
Let a(c) be the first derivative of c**3/3 + c + 1. Let r(x) = x + 4. Let w be r(-4). Suppose -2 = 2*u + 2*d, w = -2*d - 3*d - 10. Give a(u).
2
Let t = 49 - 51. Let v(z) = 5*z. Determine v(t).
-10
Let o(h) = -2*h - 2*h + 3*h. Let l(w) be the first derivative of -w**2/2 + 6*w - 2. Let c be l(6). Determine o(c).
0
Let q(a) = a + 1. Let j(r) = r**2 - 2*r - 2. Let i(d) = j(d) + q(d). Let l(t) = t**3 + 1. Let p be l(0). What is i(p)?
-1
Let p = 13 + -10. Let z(d) = -5*d - d**2 + d + 2*d - p*d. What is z(-3)?
6
Let b(h) = 3*h**3 + 10*h**2 + 9*h + 6. Let s(w) = 7*w**3 + 21*w**2 + 19*w + 12. Let q(f) = -5*b(f) + 2*s(f). Determine q(-7).
-6
Let h(b) = -b**2 + 3*b + 5. Let p = 1 - -3. Suppose 0 = p*y - 20, 3*g - 2*g = -4*y + 25. Determine h(g).
-5
Suppose 5*m + 0*m - 10 = -5*t, 3*t + m = 2. Let z(l) = l**2 + t*l - 5*l - 13 + 18. Give z(4).
1
Let f(d) = -d + 3. Let u be f(9). Let r(y) = -y**2 - 6*y + 3. Calculate r(u).
3
Suppose 5*m - 9 = 2*m. Suppose 0 = -d + 9 - 2. Let p(g) = -1 + g**m + 4 + 2*g**2 - d*g - 6*g**2. Give p(5).
-7
Let l(j) = -j**2 + 6*j + 2. Let k = 19 + -13. What is l(k)?
2
Suppose 5*x - x - 8 = 0. Let i(s) = 2 - s + 3 + x*s. Determine i(-4).
1
Suppose 21 + 4 = -5*b. Let j(c) = 2*c + 3. What is j(b)?
-7
Suppose -4*m + 8 = 2*b, 3*m - 9 = -b - 2. Let w(l) = l**3 - 4*l**2 + 5*l - 3. Let n be w(3). Let i(s) = -3*s**2 + s**3 - m*s - 2*s**n + 0*s**2. Give i(-3).
9
Suppose 4*n - 4*d + 8 + 12 = 0, 3*n - 4*d + 19 = 0. Let j = 3 - n. Let o(p) = p**3 - 4*p**2 + p. What is o(j)?
4
Let n(l) = l**2 - 1. Let h be n(1). Let r be (1 - 1)/(h + 1). Let x(s) = -6*s + s**2 + 4 + 0*s + r*s**2. Determine x(3).
-5
Let r be ((-4)/10)/(48/(-2)). Let j(i) be the third derivative of 0 - 1/4*i**4 + r*i**5 - i**2 + 0*i + 1/3*i**3. Calculate j(4).
-6
Let l(z) = -4*z**2 - 2. Let j(t) = -2*t + 22. Let c be j(12). Give l(c).
-18
Let z(c) = c**2 + 3*c - 2. Let d be z(-4). Let q(a) = 8*a - 3. What is q(d)?
13
Let v(z) = z**2 + z - 1. Let r be v(0). Let p(c) = -10*c. Give p(r).
10
Let t(y) be the first derivative of y**3/3 - 2*y**2 - 3*y + 1. Suppose 65 = 11*a - 1. Determine t(a).
9
Suppose 4*w + 0 = 8. Let x = -3 - -3. Let y(u) = -u**2 + 3 - 6 + 4*u + x. What is y(w)?
1
Let r(t) = -t**2 + 1. Let k(j) = j**2 - 5*j - 4. Let l be k(5). Let b(o) = o**2 + 6*o + 6. Let q be b(l). What is r(q)?
-3
Let t(l) = l + 3. Let h be 4/26 - 2/13. Determine t(h).
3
Suppose 6 = 2*g - 4*j, -5*j = -g + 9 + 6. Let p(o) = o**3 + 5*o**2 + o + 5. Determine p(g).
0
Let u be (2/1 + 3)*(-4)/10. Let x(t) = t + 4. Give x(u).
2
Let t(w) = w - 3. Suppose -3 = -5*u + 7, 3*h = -4*u + 8. Calculate t(h).
-3
Let d(h) = h**2 - h + 4. Let t be d(0). Suppose -t*o + o + 15 = 0. Suppose o*l + u - 13 = 2*u, -5*l + 7 = -4*u. Let y(a) = a**3 - 4*a**2 + 3*a. Determine y(l).
0
Let l = 10 - 5. Let a(b) = -13*b + 4*b**2 - 2*b**2 + 0*b**2 - 5. Let s(k) = k**2 - 7*k - 2. Let m(w) = l*s(w) - 3*a(w). Calculate m(4).
5
Let a(t) = -t - 1. Let p(b) = 1. Let f(d) = 2*a(d) - p(d). Let n(v) = -v - 2. Let h(x) = -4*f(x) + 9*n(x). Calculate h(-6).
0
Let k(n) = n**2 - 7*n + 3. Let s(h) = -h**2 - 7*h + 1. Let b be s(-6). Let u be k(b). Let o(z) = -4*z + 1. Determine o(u).
-11
Let z(u) = 0*u - 3 + 5*u - 2*u - u. Determine z(5).
7
Let t(z) = -z**2 - 3*z + 3. Let n be t(-3). Let x(i) be the first derivative of -i**2/2 + 2*i + 1. What is x(n)?
-1
Suppose -4*m - 14 = 2. Let q(y) be the second derivative of y**5/60 + y**4/8 - 5*y**3/6 - y**2/2 + y. Let h(a) be the first derivative of q(a). Calculate h(m).
-1
Suppose 0 = l - 4*l + 6. Let z(u) = u**3 - u**2 + u. Let x(p) = 3*p**3 - 3*p**2 + 7*p - 3. Let v(q) = x(q) - 4*z(q). Determine v(l).
-1
Let x(w) = 2*w**2 + 4*w - 13. Let p(r) = r**2 - r - 1. Let n(o) = -3*p(o) + x(o). Calculate n(7).
-10
Let x = -5 - -3. Let c(f) be the second derivative of -f**5/20 + f**3/3 + 6*f - 1. Determine c(x).
4
Let v(t) be the second derivative of t**6/120 + 7*t**5/60 - 3*t**4/8 - 11*t**3/6 + 5*t**2 + 8*t. Let b(x) be the first derivative of v(x). What is b(-8)?
-3
Let k(r) = 2*r + 2. Let z(g) = 3*g - g + g. Let w be z(3). Suppose 2*d + d = -w. Determine k(d).
-4
Let u(w) = 2*w - 2*w**2 - 3 + 6 - 2. Let i = -7 + 7. Suppose 4*s = -2*x - 0 + 8, i = -s - 2*x + 2. Calculate u(s).
-3
Let u(s) be the second derivative of s**7/840 - s**6/90 - s**5/24 + s**4/4 + 2*s**3/3 - 2*s. Let b(x) be the second derivative of u(x). What is b(5)?
6
Let q(t) = t. Let l be -2 - -1 - (-9)/1. Let p = -6 + l. Calculate q(p).
2
Let a(h) = 14*h - 3. Let t(j) = -43*j + 10. Let x(v) = 7*a(v) + 2*t(v). Calculate x(1).
11
Let p(s) = -39*s - 21. Let z(m) = 8*m + 4. Let w(i) = 5*p(i) + 24*z(i). Suppose -2*l = 6 + 4. Let f(n) = 2*n + 4. Let x(o) = l*f(o) - 3*w(o). Determine x(0).
7
Let u(d) = -9*d**3 - d**2 - d. Le